{"id":268,"date":"2025-09-10T15:49:04","date_gmt":"2025-09-10T15:49:04","guid":{"rendered":"https:\/\/ballercode.de\/?page_id=268"},"modified":"2025-12-18T19:31:42","modified_gmt":"2025-12-18T19:31:42","slug":"impressum","status":"publish","type":"page","link":"https:\/\/ballercode.de\/index.php\/impressum\/","title":{"rendered":"Impressum"},"content":{"rendered":"\t\t<div data-elementor-type=\"wp-page\" data-elementor-id=\"268\" class=\"elementor elementor-268\" data-elementor-post-type=\"page\">\n\t\t\t\t<div class=\"elementor-element elementor-element-50cad39 e-flex e-con-boxed e-con e-parent\" data-id=\"50cad39\" data-element_type=\"container\" data-e-type=\"container\">\n\t\t\t\t\t<div class=\"e-con-inner\">\n\t\t\t\t<div class=\"elementor-element elementor-element-fea9161 elementor-widget elementor-widget-erecht24\" data-id=\"fea9161\" data-element_type=\"widget\" data-e-type=\"widget\" data-widget_type=\"erecht24.default\">\n\t\t\t\t<div class=\"elementor-widget-container\">\n\t\t\t\t\t<div class=\"erecht24-elementor-widget\"><div style=\"word-wrap: break-word;\"><h1>Impressum<\/h1>\n\n<p>Stefan Rommel<br \/>\nKnud-Rasmussen-Stra&szlig;e 25<br \/>\n26389 Wilhelmshaven<\/p>\n\n<h2>Kontakt<\/h2>\n<p>Telefon: wird nachgereicht<br \/>\nE-Mail: info@ballercode.de<\/p><\/div><\/div>\t\t\t\t<\/div>\n\t\t\t\t<\/div>\n\t\t\t\t\t<\/div>\n\t\t\t\t<\/div>\n\t\t<div class=\"elementor-element elementor-element-b34da35 e-flex e-con-boxed e-con e-parent\" data-id=\"b34da35\" data-element_type=\"container\" data-e-type=\"container\">\n\t\t\t\t\t<div class=\"e-con-inner\">\n\t\t\t\t<div class=\"elementor-element elementor-element-67f27fa elementor-widget elementor-widget-text-editor\" data-id=\"67f27fa\" data-element_type=\"widget\" data-e-type=\"widget\" data-widget_type=\"text-editor.default\">\n\t\t\t\t\t\t\t\t\t<p>\u00a0<\/p><p style=\"font-style: normal; letter-spacing: normal; text-transform: none; word-spacing: 0px; caret-color: #000000; color: #000000;\"><span style=\"color: #ffffff;\">Umsatzsteuer-ID<\/span><\/p><p><span style=\"color: #ffffff;\">Umsatzsteuer-Identifikationsnummer gem\u00e4\u00df \u00a7 27 a Umsatzsteuergesetz:<\/span><br \/><span style=\"color: #ffffff;\">[falls vorhanden, hier eintragen \u2013 ansonsten Abschnitt entfernen]<\/span><\/p><hr style=\"letter-spacing: normal;\" \/><p style=\"font-style: normal; letter-spacing: normal; text-transform: none; word-spacing: 0px; caret-color: #000000; color: #000000;\"><span style=\"color: #ffffff;\">Wirtschafts-ID<\/span><\/p><p><span style=\"color: #ffffff;\">Wirtschafts-Identifikationsnummer gem\u00e4\u00df \u00a7 139c AO:<\/span><br \/><span style=\"color: #ffffff;\">[falls vorhanden, hier eintragen \u2013 ansonsten Abschnitt entfernen]<\/span><\/p><hr style=\"letter-spacing: normal;\" \/><p style=\"font-style: normal; letter-spacing: normal; text-transform: none; word-spacing: 0px; caret-color: #000000; color: #000000;\"><span style=\"color: #ffffff;\">Redaktionell verantwortlich<\/span><\/p><p><span style=\"color: #ffffff;\">Stefan Rommel<\/span><br \/><span style=\"color: #ffffff;\">Knud-Rasmussen-Stra\u00dfe 25<\/span><br \/><span style=\"color: #ffffff;\">26389 Wilhelmshaven<\/span><\/p><hr style=\"letter-spacing: normal;\" \/><p style=\"font-style: normal; letter-spacing: normal; text-transform: none; word-spacing: 0px; caret-color: #000000; color: #000000;\"><span style=\"color: #ffffff;\">EU-Streitschlichtung<\/span><\/p><p><span style=\"color: #ffffff;\">Die Europ\u00e4ische Kommission stellt eine Plattform zur Online-Streitbeilegung (OS) bereit:<\/span><br \/><span style=\"color: #ffffff;\"><a style=\"color: #ffffff;\" href=\"https:\/\/ec.europa.eu\/consumers\/odr\/\">https:\/\/ec.europa.eu\/consumers\/odr\/<\/a><\/span><\/p><p><span style=\"color: #ffffff;\">Unsere E-Mail-Adresse finden Sie oben im Impressum.<\/span><\/p><hr style=\"letter-spacing: normal;\" \/><p style=\"font-style: normal; letter-spacing: normal; text-transform: none; word-spacing: 0px; caret-color: #000000; color: #000000;\"><span style=\"color: #ffffff;\">Verbraucherstreitbeilegung \/ Universalschlichtungsstelle<\/span><\/p><p><span style=\"color: #ffffff;\">Wir sind nicht bereit oder verpflichtet, an Streitbeilegungsverfahren vor einer Verbraucher\u00adschlichtungsstelle teilzunehmen.<\/span><\/p><hr style=\"letter-spacing: normal;\" \/><p style=\"font-style: normal; letter-spacing: normal; text-transform: none; word-spacing: 0px; caret-color: #000000; color: #000000;\"><span style=\"color: #ffffff;\">Haftung f\u00fcr Inhalte<\/span><\/p><p><span style=\"color: #ffffff;\">Als Diensteanbieter sind wir gem\u00e4\u00df \u00a7 7 Abs.1 DDG f\u00fcr eigene Inhalte auf diesen Seiten nach den allgemeinen Gesetzen verantwortlich. Nach \u00a7\u00a7 8 bis 10 DDG sind wir als Diensteanbieter jedoch nicht verpflichtet, \u00fcbermittelte oder gespeicherte fremde Informationen zu \u00fcberwachen oder nach Umst\u00e4nden zu forschen, die auf eine rechtswidrige T\u00e4tigkeit hinweisen.<\/span><\/p><hr style=\"letter-spacing: normal;\" \/><p style=\"font-style: normal; letter-spacing: normal; text-transform: none; word-spacing: 0px; caret-color: #000000; color: #000000;\"><span style=\"color: #ffffff;\">Haftung f\u00fcr Links<\/span><\/p><p><span style=\"color: #ffffff;\">Unser Angebot enth\u00e4lt Links zu externen Websites Dritter, auf deren Inhalte wir keinen Einfluss haben. Deshalb k\u00f6nnen wir f\u00fcr diese fremden Inhalte auch keine Gew\u00e4hr \u00fcbernehmen. F\u00fcr die Inhalte der verlinkten Seiten ist stets der jeweilige Anbieter oder Betreiber der Seiten verantwortlich.<\/span><\/p><hr style=\"letter-spacing: normal;\" \/><p style=\"font-style: normal; letter-spacing: normal; text-transform: none; word-spacing: 0px; caret-color: #000000; color: #000000;\"><span style=\"color: #ffffff;\">Urheberrecht<\/span><\/p><p><span style=\"color: #ffffff;\">Die durch die Seitenbetreiber erstellten Inhalte und Werke auf diesen Seiten unterliegen dem deutschen Urheberrecht. Die Vervielf\u00e4ltigung, Bearbeitung, Verbreitung und jede Art der Verwertung au\u00dferhalb der Grenzen des Urheberrechtes bed\u00fcrfen der schriftlichen Zustimmung des jeweiligen Autors bzw. Erstellers.<\/span><\/p>\t\t\t\t\t\t\t\t<\/div>\n\t\t\t\t\t<\/div>\n\t\t\t\t<\/div>\n\t\t\t\t<\/div>\n\t\t","protected":false},"excerpt":{"rendered":"<p>Impressum Stefan Rommel Knud-Rasmussen-Stra&szlig;e 25 26389 Wilhelmshaven Kontakt Telefon: wird nachgereicht E-Mail: info@ballercode.de \u00a0 Umsatzsteuer-ID Umsatzsteuer-Identifikationsnummer gem\u00e4\u00df \u00a7 27 a Umsatzsteuergesetz:[falls vorhanden, hier eintragen \u2013 ansonsten Abschnitt entfernen] Wirtschafts-ID Wirtschafts-Identifikationsnummer gem\u00e4\u00df \u00a7 139c AO:[falls vorhanden, hier eintragen \u2013 ansonsten Abschnitt entfernen] Redaktionell verantwortlich Stefan RommelKnud-Rasmussen-Stra\u00dfe 2526389 Wilhelmshaven EU-Streitschlichtung Die Europ\u00e4ische Kommission stellt eine Plattform zur [&hellip;]<\/p>\n","protected":false},"author":1,"featured_media":0,"parent":0,"menu_order":0,"comment_status":"closed","ping_status":"closed","template":"","meta":{"footnotes":""},"class_list":["post-268","page","type-page","status-publish","hentry"],"yoast_head":"<!-- This site is optimized with the Yoast SEO plugin v27.3 - https:\/\/yoast.com\/product\/yoast-seo-wordpress\/ -->\n<title>Impressum - Baller Code<\/title>\n<meta name=\"robots\" content=\"index, follow, max-snippet:-1, max-image-preview:large, max-video-preview:-1\" \/>\n<link rel=\"canonical\" href=\"https:\/\/ballercode.de\/index.php\/impressum\/\" \/>\n<meta property=\"og:locale\" content=\"de_DE\" \/>\n<meta property=\"og:type\" content=\"article\" \/>\n<meta property=\"og:title\" content=\"Impressum - Baller Code\" \/>\n<meta property=\"og:description\" content=\"Impressum Stefan Rommel Knud-Rasmussen-Stra&szlig;e 25 26389 Wilhelmshaven Kontakt Telefon: wird nachgereicht E-Mail: info@ballercode.de \u00a0 Umsatzsteuer-ID Umsatzsteuer-Identifikationsnummer gem\u00e4\u00df \u00a7 27 a Umsatzsteuergesetz:[falls vorhanden, hier eintragen \u2013 ansonsten Abschnitt entfernen] Wirtschafts-ID Wirtschafts-Identifikationsnummer gem\u00e4\u00df \u00a7 139c AO:[falls vorhanden, hier eintragen \u2013 ansonsten Abschnitt entfernen] Redaktionell verantwortlich Stefan RommelKnud-Rasmussen-Stra\u00dfe 2526389 Wilhelmshaven EU-Streitschlichtung Die Europ\u00e4ische Kommission stellt eine Plattform zur [&hellip;]\" \/>\n<meta property=\"og:url\" content=\"https:\/\/ballercode.de\/index.php\/impressum\/\" \/>\n<meta property=\"og:site_name\" content=\"Baller Code\" \/>\n<meta property=\"article:modified_time\" content=\"2025-12-18T19:31:42+00:00\" \/>\n<meta name=\"twitter:card\" content=\"summary_large_image\" \/>\n<meta name=\"twitter:label1\" content=\"Gesch\u00e4tzte Lesezeit\" \/>\n\t<meta name=\"twitter:data1\" content=\"1\u00a0Minute\" \/>\n<script type=\"application\/ld+json\" class=\"yoast-schema-graph\">{\"@context\":\"https:\\\/\\\/schema.org\",\"@graph\":[{\"@type\":\"WebPage\",\"@id\":\"https:\\\/\\\/ballercode.de\\\/index.php\\\/impressum\\\/\",\"url\":\"https:\\\/\\\/ballercode.de\\\/index.php\\\/impressum\\\/\",\"name\":\"Impressum - Baller Code\",\"isPartOf\":{\"@id\":\"https:\\\/\\\/ballercode.de\\\/#website\"},\"datePublished\":\"2025-09-10T15:49:04+00:00\",\"dateModified\":\"2025-12-18T19:31:42+00:00\",\"breadcrumb\":{\"@id\":\"https:\\\/\\\/ballercode.de\\\/index.php\\\/impressum\\\/#breadcrumb\"},\"inLanguage\":\"de\",\"potentialAction\":[{\"@type\":\"ReadAction\",\"target\":[\"https:\\\/\\\/ballercode.de\\\/index.php\\\/impressum\\\/\"]}]},{\"@type\":\"BreadcrumbList\",\"@id\":\"https:\\\/\\\/ballercode.de\\\/index.php\\\/impressum\\\/#breadcrumb\",\"itemListElement\":[{\"@type\":\"ListItem\",\"position\":1,\"name\":\"Startseite\",\"item\":\"https:\\\/\\\/ballercode.de\\\/\"},{\"@type\":\"ListItem\",\"position\":2,\"name\":\"Impressum\"}]},{\"@type\":\"WebSite\",\"@id\":\"https:\\\/\\\/ballercode.de\\\/#website\",\"url\":\"https:\\\/\\\/ballercode.de\\\/\",\"name\":\"Baller Code\",\"description\":\"\",\"potentialAction\":[{\"@type\":\"SearchAction\",\"target\":{\"@type\":\"EntryPoint\",\"urlTemplate\":\"https:\\\/\\\/ballercode.de\\\/?s={search_term_string}\"},\"query-input\":{\"@type\":\"PropertyValueSpecification\",\"valueRequired\":true,\"valueName\":\"search_term_string\"}}],\"inLanguage\":\"de\"}]}<\/script>\n<!-- \/ Yoast SEO plugin. -->","yoast_head_json":{"title":"Impressum - Baller Code","robots":{"index":"index","follow":"follow","max-snippet":"max-snippet:-1","max-image-preview":"max-image-preview:large","max-video-preview":"max-video-preview:-1"},"canonical":"https:\/\/ballercode.de\/index.php\/impressum\/","og_locale":"de_DE","og_type":"article","og_title":"Impressum - Baller Code","og_description":"Impressum Stefan Rommel Knud-Rasmussen-Stra&szlig;e 25 26389 Wilhelmshaven Kontakt Telefon: wird nachgereicht E-Mail: info@ballercode.de \u00a0 Umsatzsteuer-ID Umsatzsteuer-Identifikationsnummer gem\u00e4\u00df \u00a7 27 a Umsatzsteuergesetz:[falls vorhanden, hier eintragen \u2013 ansonsten Abschnitt entfernen] Wirtschafts-ID Wirtschafts-Identifikationsnummer gem\u00e4\u00df \u00a7 139c AO:[falls vorhanden, hier eintragen \u2013 ansonsten Abschnitt entfernen] Redaktionell verantwortlich Stefan RommelKnud-Rasmussen-Stra\u00dfe 2526389 Wilhelmshaven EU-Streitschlichtung Die Europ\u00e4ische Kommission stellt eine Plattform zur [&hellip;]","og_url":"https:\/\/ballercode.de\/index.php\/impressum\/","og_site_name":"Baller Code","article_modified_time":"2025-12-18T19:31:42+00:00","twitter_card":"summary_large_image","twitter_misc":{"Gesch\u00e4tzte Lesezeit":"1\u00a0Minute"},"schema":{"@context":"https:\/\/schema.org","@graph":[{"@type":"WebPage","@id":"https:\/\/ballercode.de\/index.php\/impressum\/","url":"https:\/\/ballercode.de\/index.php\/impressum\/","name":"Impressum - Baller Code","isPartOf":{"@id":"https:\/\/ballercode.de\/#website"},"datePublished":"2025-09-10T15:49:04+00:00","dateModified":"2025-12-18T19:31:42+00:00","breadcrumb":{"@id":"https:\/\/ballercode.de\/index.php\/impressum\/#breadcrumb"},"inLanguage":"de","potentialAction":[{"@type":"ReadAction","target":["https:\/\/ballercode.de\/index.php\/impressum\/"]}]},{"@type":"BreadcrumbList","@id":"https:\/\/ballercode.de\/index.php\/impressum\/#breadcrumb","itemListElement":[{"@type":"ListItem","position":1,"name":"Startseite","item":"https:\/\/ballercode.de\/"},{"@type":"ListItem","position":2,"name":"Impressum"}]},{"@type":"WebSite","@id":"https:\/\/ballercode.de\/#website","url":"https:\/\/ballercode.de\/","name":"Baller Code","description":"","potentialAction":[{"@type":"SearchAction","target":{"@type":"EntryPoint","urlTemplate":"https:\/\/ballercode.de\/?s={search_term_string}"},"query-input":{"@type":"PropertyValueSpecification","valueRequired":true,"valueName":"search_term_string"}}],"inLanguage":"de"}]}},"_links":{"self":[{"href":"https:\/\/ballercode.de\/index.php\/wp-json\/wp\/v2\/pages\/268","targetHints":{"allow":["GET"]}}],"collection":[{"href":"https:\/\/ballercode.de\/index.php\/wp-json\/wp\/v2\/pages"}],"about":[{"href":"https:\/\/ballercode.de\/index.php\/wp-json\/wp\/v2\/types\/page"}],"author":[{"embeddable":true,"href":"https:\/\/ballercode.de\/index.php\/wp-json\/wp\/v2\/users\/1"}],"replies":[{"embeddable":true,"href":"https:\/\/ballercode.de\/index.php\/wp-json\/wp\/v2\/comments?post=268"}],"version-history":[{"count":16,"href":"https:\/\/ballercode.de\/index.php\/wp-json\/wp\/v2\/pages\/268\/revisions"}],"predecessor-version":[{"id":731,"href":"https:\/\/ballercode.de\/index.php\/wp-json\/wp\/v2\/pages\/268\/revisions\/731"}],"wp:attachment":[{"href":"https:\/\/ballercode.de\/index.php\/wp-json\/wp\/v2\/media?parent=268"}],"curies":[{"name":"wp","href":"https:\/\/api.w.org\/{rel}","templated":true}]}}